 derivative of -x**6/120 + x**5/10 + 5*x**4/12 - 17*x**3/6 - 2*x**2 + 90. Suppose -16 = -4*t + 4*u, t = 4*u + 4 - 9. What is o(t)?
4
Let v(j) = 5*j - 18. Let q be 39/10 - (486/(-60) + 8). What is v(q)?
2
Let k(v) be the third derivative of -v**5/60 + 3*v**4/2 + 217*v**3/6 + 2*v**2 - 4*v + 209. Give k(41).
12
Suppose 2*o = -o - 165. Let f = -106 + 155. Let m = o + f. Let h(r) = -r**2 - 6*r - 4. What is h(m)?
-4
Let l(p) be the first derivative of -p**4/4 - 11*p**3/3 + 11*p - 5900. Suppose -3 = -4*a + 4*c - 47, 3*a - 5*c = -33. What is l(a)?
11
Suppose 349 - 358 = -3*u. Let b(n) be the first derivative of 2*n**3/3 - n**2 - 4*n - 5. Determine b(u).
8
Suppose -s - 3*s + 28 = 0. Let w = s - 2. Let f(d) = -1494*d**3 - 4*d + 1495*d**3 - 1 + 3*d**2 - 7*d**2. What is f(w)?
4
Let k(m) = 472*m - 3296. Let n be k(7). Let u(q) = -10*q + 65. Calculate u(n).
-15
Let b(z) = -z**3 - 9*z**2 + 6. Let o(n) = n**3 - 38*n**2 + 104*n + 26. Let m be o(35). Calculate b(m).
6
Let g(s) = 4*s - 137. Suppose -5*q - 8 = z, -4*q = 725*z - 728*z - 24. Determine g(q).
-137
Let u be (7 - 8)*(-3)/(-3). Let s be (12/(-18) - 22/(-6))*u. Let d(o) = 7*o - 2. Determine d(s).
-23
Let y(f) = -f**2 - 10*f - 2. Suppose 12 = 229*q - 231*q. Let l be -1 + -1 + 3/q*14. What is y(l)?
7
Let g(w) be the second derivative of -2*w**2 - 94*w - 5/6*w**3 + 0. Calculate g(-3).
11
Let n(q) = 2*q - 7 + 3*q - q**2 - q. Let u = -7482 - -7485. Give n(u).
-4
Let p(j) = -9*j + 75. Let u(c) = -18*c + 150. Let h(a) = 9*p(a) - 4*u(a). Give h(8).
3
Let g(v) = -v**3 + 8*v**2 - 10*v - 6. Let w be g(6). Let l(h) = w - 8 - 18*h + 7*h. Let i(t) = -3*t**2 - t. Let q be i(-1). Calculate l(q).
20
Let n(l) be the second derivative of l**3/6 - 6*l**2 + l. Let q(s) = 2*s**3 + 16*s**2 - 10*s + 310. Let u be q(-10). Calculate n(u).
-2
Let w(d) = d**2 - 4*d - 5*d - 8*d + 75 - 92. Calculate w(18).
1
Let s(m) = -14*m - 11. Suppose -2*w + 3*t - 115 = -95, 5*w - 3*t = -32. Give s(w).
45
Suppose 18 = -9*f + 99. Let s(y) = 4 - y + y**2 + f + 7*y. Let u be s(-4). Let d(q) = -q - 7. Determine d(u).
-12
Let n(u) be the third derivative of -u**7/2520 - u**6/90 + 47*u**5/60 + 132*u**2. Let b(z) be the third derivative of n(z). Calculate b(-5).
2
Let i(v) be the first derivative of v**4/4 - 10*v**3/3 + 4*v**2 + 69*v + 4965. Determine i(8).
5
Let l(m) be the third derivative of m**5/60 - m**4/12 + m**3/3 + m**2. Suppose 3*k - 5*f - 35 = 0, 7 = 2*k + f - 12. Let x be 8 + ((-8)/(-2) - k). Give l(x).
2
Let v(u) = u**3 - 3*u**2 + 3*u - 4. Let s = -5980 + 5983. Determine v(s).
5
Let k = 20 + -9. Let l(v) = -4 - 68*v - 6*v**2 + k - v**3 + 71*v. Suppose -2*q + 8 = 5*j, -4*j = -2*q - 28 - 0. What is l(q)?
-11
Let u = -195 + 197. Suppose -19*f - 150 = u. Let r(c) be the third derivative of -c**4/24 + c**3/3 + c**2. Determine r(f).
10
Let s(a) = 2*a**2 + 6*a + 2. Let l = -2417 - -2420. Calculate s(l).
38
Let g(t) = -2*t + 9. Let h(n) = -n**3 + 11*n**2 + 28*n - 37. Let l be h(13). Let x be -5*(8 - 7) - l. Determine g(x).
-3
Let j(z) = -z**3 + 2*z**2 + 6*z - 2. Suppose 2*g - 6*g - 4*f + 392 = 0, 82 = g + 5*f. Let l = -98 + g. Calculate j(l).
-10
Let c(q) be the first derivative of q + 2*q**2 - 2/3*q**3 - 8. Let d = -63 - -67. Calculate c(d).
-15
Suppose -3*x + 0*x + 21 = 0. Let u be (-2)/2*-5 - (43 - 40). Let j(o) = 3*o + 3*o - u + 4*o**2 - 3*o**2 - 13*o. What is j(x)?
-2
Let f(x) = x**2 + 18*x + 3. Let m be f(-18). Suppose z - 5 + m = 0. Let u(a) = 2*a - 1. Calculate u(z).
3
Let y(t) = -t**2 + 17*t + 40. Let r(b) = -6*b - 1. Let l(o) = -3*r(o) - y(o). Give l(5).
-7
Let d be -5 - (-3970)/45 - (-2)/(-9). Let u = d - 80. Let c(p) = 4*p**2 - 7*p - 2 - 4*p + 12*p + p**u. What is c(-3)?
4
Suppose -2*f - 2 = 2*n, 6*f - 11*f = -3*n + 13. Let x(o) = -1 - 12*o**3 + 0*o**2 - 6*o**3 + 2*o**2 - 12*o**3. What is x(n)?
-29
Let t(f) = -3 + 7 + 2*f + 5. Let a be t(-8). Let r(z) = -7*z**2 - z - 4. Let p(x) = 2*x**2 - 2*x + 3. Let n(v) = 3*p(v) + r(v). What is n(a)?
5
Let l(x) = 9*x**2 + 5*x - 785. Let t(g) = -3*g**2 - 2*g + 196. Let q(v) = l(v) + 4*t(v). Let u be (4/(-6))/((-6)/(-9)). Let o be -2 - (-1)/u*0. Calculate q(o).
-7
Let v(c) = -c**2 + 4*c + 1. Suppose 0 = -2*l + 1 - 5. Let g(u) = -3*u**3 - u**2 + 3*u. Let f be g(l). Suppose -8*w + 26 = -f. Give v(w).
-4
Let g(n) = n + 4. Let h(u) be the first derivative of -u**4/4 - 13*u**3/3 + 2*u + 24. Let b be h(-13). Suppose -5*z + b*z = 2*a + 6, a = -z - 1. Determine g(a).
7
Let s(g) be the third derivative of 1/3*g**3 - 127*g**2 + 5/24*g**4 - 1/60*g**5 + 0*g + 0. What is s(7)?
-12
Let x(m) = -2 - 3*m - 5 + 0*m + 13. Suppose -2*c - 10 = -18. Let z(a) = -5*a + 13. Let r(j) = c*z(j) - 7*x(j). Give r(0).
10
Let i(w) be the second derivative of 43*w**5/60 - w**4/24 + 175*w**2/2 - 2*w + 144. Let r(g) be the first derivative of i(g). Determine r(1).
42
Let n be 3*(476/(-21) + 12). Let s(h) = -h**3 - 33*h**2 - 31*h + 36. Calculate s(n).
4
Let x(w) = 3*w**3 - 7*w**2 - 13*w - 23. Let k be x(4). Let t(s) be the third derivative of s**4/24 + s**3/6 - s**2. Determine t(k).
6
Let v(r) = 4*r**2 - 10. Let z(p) = 7*p**2 - 19. Let m(i) = -5*v(i) + 3*z(i). Let l be m(-6). Let j(s) = 7*s - 28 + 2*s**2 + l - 3*s**2 + 0*s**2. Give j(7).
1
Let k(d) = -14*d - 10. Let q(y) = 22*y + 16. Let l be (-352)/80 + 3/(-5). Let r(z) = l*q(z) - 8*k(z). What is r(1)?
2
Suppose 21 = 139*u - 132*u. Let h(b) = -912*b + b**2 + b**u + 0*b**3 + 913*b. Suppose -2*i + 16 = -3*w, 13 = 3*w + 5*i - 6. Determine h(w).
-6
Let q(c) = 4*c**3 - 16*c**2 - 40*c - 5. Let s(p) = -3*p**3 + 11*p**2 + 29*p + 4. Let g(w) = -5*q(w) - 7*s(w). Calculate g(0).
-3
Let v(d) be the third derivative of d**4/24 - d**3/3 + 39*d**2. Let k(a) = a**2 - 37. Let i be k(0). Let g = -40 - i. Give v(g).
-5
Let g be (-6 - -21)*((-10)/(-6) + -2). Let r be (6 - (g - -19)) + -1. Let f(p) = -p**2 - 11*p - 10. Give f(r).
8
Let b(v) be the second derivative of 1/6*v**3 + 40*v + 0 - v**2. Calculate b(-7).
-9
Let m(g) be the third derivative of -g**7/2520 + g**6/360 + g**5/20 + g**4/12 + g**3/2 + 53*g**2. Let l(w) be the second derivative of m(w). Calculate l(6).
-18
Let n(z) = 50*z**2 - 19*z - 12. Let u(y) = 13*y**2 - 5*y - 3. Let k(i) = 6*n(i) - 23*u(i). Suppose -5*j + 10 = 5*f, -f - 8 = j - 5*j. Determine k(j).
3
Suppose -4 = 14*s - 15*s. Suppose -2*w + s*v - 2 = 0, v - 6*v + 10 = 0. Suppose w = -8*n + 11. Let b(j) = 17*j**2 - j. Calculate b(n).
16
Let l(r) = -3*r - 3. Let s = -294 + 293. Let z be l(s). Let b(k) = k - 16. Calculate b(z).
-16
Let i(s) = -s - 17. Let l be i(-30). Let f(y) be the first derivative of 1/2*y**2 + l + y. What is f(3)?
4
Let l(z) = -234 + 217 - 15771*z + 15772*z. Let d = -27 - -14. Calculate l(d).
-30
Let q(n) = -n - 2. Let r be q(-4). Let z = 3034 - 3028. Let u(v) = z*v**r - 7*v**2 + 60*v + 1 - 53*v. Determine u(6).
7
Let x = -19 + 26. Let z(a) be the second derivative of 1/20*a**5 + 9*a - 2/3*a**4 + 0 - 2*a**2 + 7/6*a**3. Calculate z(x).
-4
Let h(u) = 23*u + 81. Let x(j) be the second derivative of -4*j**3/3 - 14*j**2 - 79*j - 2. Let m(v) = -6*h(v) - 17*x(v). Determine m(-5).
0
Suppose 23*q - 16*q - 105 = 0. Suppose -q*k = 7 + 23. Let l(t) = -5*t**2 - 2*t + 2. Calculate l(k).
-14
Let v(k) = -k - 11. Suppose -76 = 8*f - 260. Let g = f - 21. Let p(o) = -2*o**3 + 2*o**2 + 2*o - 1. Let l be p(g). Give v(l).
-6
Suppose -31*s = -36*s - 4*j - 30, -5*s + 5*j = -15. Let h(u) be the third derivative of -u**2 - 1/60*u**5 - 1/12*u**4 + 0*u - 1/2*u**3 + 0. Determine h(s).
-3
Let d(z) = -z - 12. Let t = 136 - 108. Suppose -20*h - 296 = -t*h. Suppose -5*u = y + h, 0*y = -3*y - 6. What is d(u)?
-5
Let n be -2*(-2 - 0/1). Let z(q) = 3*q + 1. Suppose m + 11 = 1. Let w(y) = y. Let h(k) = m*w(k) + 2*z(k). What is h(n)?
-14
Let f(q) = -q**3 + 7*q**2 + 6*q + 5. Let x = -212 - -216. Suppose x*d + 542 = 574. Determine f(d).
-11
Let i(b) = -b**3 + b**2 + 4. Let f be i(0). Let z(y) = 310*y. Let s(h) = 258*h + 1. Let t(a) = -6*s(a) + 5*z(a). Give t(f).
2
Let r(u) = u**2 + 15*u + 30. Let h be ((-64)/(-8) - 27) + 7. What is r(h)?
-6
Let q be (4 - 1881/27)/(-8) - 8. Let z(v) be the third derivative of 0*v**3 + 0 - 1/30*v**5 - 11*v**2 + q*v**4 + 0*v. Determine z(4).
-12
Let g(x) = -1893*x + 2 + 0 + 5 + 1884*x + x**2 - 4. Give g(8).
-5
Let u(a) = -8*a + 2*a**2 - 73 - a**2 + 82. Suppose 0 = 11*f + 